y c(n)?
5
Let t be (-2)/(3/((-18)/3)). Let r = 3079 - 3078. Suppose 2*p = 7*y - 2*y + r, -9 = -t*p + 3*y. What is the remainder when 3 is divided by p?
0
What is the remainder when 3*3/4*(-190 + 322) is divided by 38?
31
Let u(h) = -3*h**3 - 4*h**2 - h + 2. Let x be u(-2). Let z be (x/(8/(-4)))/1. Calculate the remainder when 71 is divided by z + 6 - ((1 - 4) + -5).
7
Let c(m) = -14*m + 31. Let o be ((2 + -2)/(-6))/(-2). Calculate the remainder when 91 is divided by c(o).
29
Let i be 646/8 + (-5)/(-4). Let k be ((-87)/58)/((-1)/i). Suppose k = 4*z + 51. Calculate the remainder when 50 is divided by z.
14
Suppose w = -5*m - w, 5*m = -3*w + 5. Calculate the remainder when 68 is divided by (-5)/(m - 6/(-6)).
3
Let b = -11691 - -11727. What is the remainder when 741 is divided by b?
21
Let z be 72/(16/4) + 4. Suppose -2*u + z = -0*u. Let q(r) = -r**3 + 4*r**2 + 2*r + 9. Calculate the remainder when q(4) is divided by u.
6
Suppose -98*b = 5045 + 4128 - 3293. Let o be (2 + 0 + -26)*2. Let u = o - b. What is the remainder when 16 is divided by u?
4
Suppose -12*k + 42*k = 32*k - 18080. What is the remainder when k is divided by 33?
31
Let d be 9/2*(-160)/48. Let n be (-10)/d - 172/(-3). Let x = n - 40. Calculate the remainder when x is divided by 10.
8
Suppose 20*t - 15*t - 385 = 0. Let z = 3312 + -2776. Calculate the remainder when z is divided by t.
74
Let y = 256 - 168. Let z(a) = 10*a**2 + 140*a - 913. What is the remainder when y is divided by z(-19)?
14
Suppose -v + 3*v + 4*w = 92, -129 = -3*v - 3*w. Let k = -13710 + 13733. Calculate the remainder when v is divided by k.
17
Let d(m) = -5*m**2 + m**3 + 5 + 4 + 3*m - 4. What is the remainder when d(6) is divided by 2 + 33 - (-56)/(-14)?
28
Let l be 4/(-6)*(-1 + -1 - 136). Suppose 8 = -3*g + l. Suppose -3*t + 5*t = g. What is the remainder when 50 is divided by t?
8
Let y(l) = l**3 + 24*l**2 - 31*l - 60. What is the remainder when y(-25) is divided by (14/(-5)*-2)/((-4)/(-10))?
6
Let q(f) = f**2 - 36*f + 470. What is the remainder when q(20) is divided by 384/10 - 2/5?
36
Suppose k - 7 = -2*f - 2*k, -3*k = -3. Let t(h) = -1 - h**f + 9*h - 33*h + 14*h + 15*h. What is the remainder when 8 is divided by t(2)?
3
Let p(a) = -a**2 - 11*a + 5. Let q(s) = s + 14. Calculate the remainder when p(-6) is divided by q(-2).
11
Let x = -5167 + 5176. What is the remainder when 144 is divided by x?
0
Suppose -120 = -4*m - 3*s, -4*m + 120 = -5*s + 9*s. Let w = -4 + 20. What is the remainder when w is divided by (45/m)/((-3)/(-10))?
1
Let h be 2*14/4*(-84)/(-12). Let z be (0 + 0)/(5 - 2). Suppose -u - 245 = -6*u - 4*p, -u - 5*p + h = z. Calculate the remainder when 145 is divided by u.
47
Suppose 7*d = 9842 + 1008. Suppose -4*o + 29*o - d = 0. Let q(j) = -j + 4. Calculate the remainder when o is divided by q(-3).
6
Let k(r) be the third derivative of -r**4/8 + r**3/6 + 2*r**2. Suppose 3*l + 14*b - 18*b = -25, 4*l = b - 16. What is the remainder when 37 is divided by k(l)?
7
Let r(t) = 3*t**2 + 37*t - 78. Calculate the remainder when 834 is divided by r(-15).
36
Suppose -20*z - 990 = -26*z. What is the remainder when 37 is divided by ((-4)/(-6))/(11/z)?
7
Suppose 14*h + 49 - 30 = 341. What is the remainder when 1126 is divided by h?
22
Let d(y) = 8*y**2 - 20*y - 92. What is the remainder when 1250 is divided by d(5)?
2
Suppose 5*o - 5 = -4*w + 8, 8 = 4*o + 2*w. Let c be (o/((-3)/(-8)))/((-18)/(-135)). Let j = 8 + c. Calculate the remainder when j is divided by 15.
13
Suppose -2*n - 72*v + 75*v = -437, n = -v + 226. What is the remainder when 296 is divided by n?
73
Let b(m) = 417*m - 256. What is the remainder when b(1) is divided by 26?
5
Let s = 210 - 803. Let u = s + 619. What is the remainder when 179 is divided by u?
23
Suppose 0 = -m, -3*r + 4*m - 286 = -2545. Let z = r + -365. Calculate the remainder when z is divided by 13.
11
Suppose -3*z + 2 = -10. Suppose -z*s = -7*s + 45. Let m = s + -6. What is the remainder when 31 is divided by m?
4
Let o be 44/24 + -1*4/(-24). Suppose -522 = -3*p + 6*w - 9*w, 694 = 4*p + o*w. Calculate the remainder when p is divided by 44.
41
Let z = 40 - 111. Let n = z + 65. What is the remainder when 117 is divided by 4 + n/3 - -38?
37
Suppose k + 5*s = 34, -4*k - 19*s + 5*s + 112 = 0. Calculate the remainder when 219 is divided by k.
9
Suppose -3*c + 75 = -0*c. Suppose -3*b + 28 = 7. Suppose v = -b + 22. What is the remainder when c is divided by v?
10
What is the remainder when (-57 - -8)*1/(-1) is divided by 34?
15
Suppose 5321*u - 5334*u + 390 = 0. Calculate the remainder when 411 is divided by u.
21
Let r(h) = -308*h - 2134. Calculate the remainder when 262 is divided by r(-7).
20
Let j = 63 + 47. Suppose -192 = -19*v + 17*v. Let t = j - v. Calculate the remainder when 37 is divided by t.
9
Let c(b) = -2*b + 1. Let j(a) = -2*a**2 + 4*a + 7. Let l be (-15)/(-60) + 4/(-16). What is the remainder when j(l) is divided by c(-2)?
2
Suppose -2*n - 3*z - 2125 + 2138 = 0, 8 = 2*n + 4*z. Calculate the remainder when 3509 is divided by n.
9
Let v(c) = -c**3 + 10*c**2 + 12*c + 2. Let m(x) = 3*x**2 + 9*x + 17. Let p be m(-2). Let z = 276 - 147. What is the remainder when z is divided by v(p)?
12
Suppose -4*v + 8 = b, b + 68 = 5*b - 2*v. Let o = 141 - 156. What is the remainder when (58/6)/(o/(-45)) is divided by b?
13
Suppose 0 = -13*m + 1916 - 1760. Let g(v) = 176*v**3 + v**2 + v - 1. Calculate the remainder when g(1) is divided by m.
9
Suppose 5 = -4*s - s, 4*s + 49 = m. Let p be 4 + (86/(-10) - m/(-75)). What is the remainder when 3*((-6)/(-27))/(p/(-174)) is divided by 11?
7
Let x = 429 - 104. Let h = -319 + x. What is the remainder when h is divided by 2?
0
Suppose -577*t - 241999 = -716*t. What is the remainder when t is divided by 76?
69
Suppose 7*o = -0*o + 49. Suppose -30 + 177 = o*h. Calculate the remainder when 52 is divided by h.
10
Let f(x) be the second derivative of 5*x**4/12 + x**3/2 + x + 67. Let m = 0 - 2. Calculate the remainder when 51 is divided by f(m).
9
Let m(u) be the third derivative of u**6/120 - 3*u**5/20 - u**4/3 + 7*u**3/6 - 68*u**2. Calculate the remainder when 49 is divided by m(10).
22
Let u(a) = -25*a**3 + 6*a + 1 - 5*a - 2*a. Suppose 0 = -15*f + 25 - 40. What is the remainder when 51 is divided by u(f)?
24
Let p = 31 - 6. Let l = 26 - p. What is the remainder when ((-21)/12)/(l/(-40)) is divided by 24?
22
Suppose 3*j + 8*t - 44 = 3*t, -2*j = -2*t - 8. Let u = 1993 - 1960. Calculate the remainder when u is divided by j + -1 + 2 + 0.
6
Let y(g) = 26*g**2 + 494*g + 70. What is the remainder when (-2)/(-1) + 273 + 0 is divided by y(-19)?
65
Suppose 3*r = -4*j + 348, 389*j - 2*r - 295 = 386*j. Calculate the remainder when 546 is divided by j.
81
Let t(u) = 12*u**2 + 83*u + 440. What is the remainder when t(-22) is divided by 75?
72
Let p(l) = -2*l**2 - 12*l + 6. Suppose -5 - 7 = 5*z - 2*f, 6 = -z + 4*f. Calculate the remainder when p(z) is divided by (-30)/(-9) + 4/6.
2
Let s = -136 - -61. Let l be 862/8 - (-4 - s/20). Suppose -5*n - 66 = -y - 9, 4*y + 4*n - l = 0. Calculate the remainder when 126 is divided by y.
30
Suppose 4*u + 3*i = 71, 0*u + i + 23 = u. Let j = u - 8. What is the remainder when (15 + -16)*(-19 + 3 + -3) is divided by j?
7
Let l(a) = -a**2 + 14*a - 11. Let u be l(9). Suppose 6*d = -11*d - u. What is the remainder when 39 is divided by 1/d + 1*45/2?
17
Let n(w) = 4*w**2 - 92*w + 43. Let s(z) = 6*z**2 - 138*z + 64. Let g(x) = 8*n(x) - 5*s(x). What is the remainder when g(24) is divided by ((-15)/2)/((-2)/4)?
12
Suppose -6*y = 164 - 1976. Let h = y + -289. Calculate the remainder when 25 is divided by h.
12
Let d = -49 + 51. Suppose d*p = -2*p. Suppose p = -14*y + 2*y + 372. What is the remainder when y is divided by 8?
7
Let b = -1670 + 1673. What is the remainder when 46 is divided by b?
1
Suppose 150 = 5*f + 47*l - 52*l, -114 = -5*f - 4*l. What is the remainder when 38 is divided by f?
12
Suppose -3*j = 5*c - 3479, -7*c = 5*j - 8*c - 5761. Calculate the remainder when j is divided by 19.
13
Let k(g) = -g**3 + 8*g**2 + g + 10. Let d be k(8). Suppose 0 = d*m - 6*m - 144. Let x(o) = -22*o - 1. Calculate the remainder when x(-1) is divided by m.
9
Calculate the remainder when 1288 is divided by (-8 - (5 + -3)*-3) + 0 + 265.
236
What is the